7
What is the value of -103 - (-172 + 17 + 70)?
-18
Evaluate 10 + (-4 - -28) + (-9 - (-17 - 0)).
42
What is 3 - (44 + -2) - (-1 - (-8 - (-5 - -7)))?
-48
Evaluate (2 - 3 - -45) + (10 + (-22 - -1) - -5).
38
What is -1 + 0 + (-86 - ((22 - -10) + (-10 - 4)))?
-105
Evaluate 34 - (3 - (7 - 0) - (11 + -25)).
24
What is -41 - ((1 - 3) + 0 - ((9 - 69) + 50))?
-49
Evaluate 107 + 0 + (-12 - (11 + -2)) + 31.
117
What is the value of 5 + (0 + 6 - 2) + (13 - (10 - 10))?
22
What is the value of -48 + -21 + 7 + -7 + 3?
-66
-29 + 1 + -803 + 799
-32
Evaluate 9 + 0 + -21 - (-22 - (-4 + 49)).
55
Evaluate (19 - 0) + (-71 - (83 + -127 + -21)).
13
What is 93 - (14 + (-3 - 0) - (151 - 147))?
86
What is -11 - (-3 + 4 + -62 + -9 + 10)?
49
What is 51 + 22 + -83 + (34 - (4 - 2) - -3)?
25
Evaluate -15 - (-10 + -64 - (-73 + 96)).
82
What is the value of 2 - -1 - ((50 - 24) + -37 + 13)?
1
What is -1706 - -1728 - (76 + 0)?
-54
What is 120 - (19 + 26) - 192?
-117
What is 7 - (11 + (35 - 72))?
33
Calculate -69 + (1 - (16 - -2) - (-12 - -23 - 19)).
-78
What is -36 + -12 - (26 + 13 + -17 + -11)?
-59
-1 + 10 + -37 - -65
37
Evaluate (-9 + 10 - -14) + (35 - 61) - (-1 - 89).
79
What is the value of (86 + -136 - -59) + (2 - (-1 + 62))?
-50
-1 + (4 - -5 - 0) - (-1 - -10)
-1
127 + -93 + (7 - 8) + 26
59
What is (0 - -4) + -15 + (-17 - (-46 + 24)) + 4?
-2
Calculate 42 + 55 + (-49 - -24) + -174.
-102
(-67 - -92) + (-20 - (-1 - 12)) + 14
32
What is -45 + -5 + 3 + 2481 + -2458?
-24
28 - (-11 - (-170 + 59))
-72
Calculate (1 - 11) + (-15 - (-27 + 22 + (-33 - -2))).
11
Evaluate 24 - (-1 + -2 + (-5 - -1) - (-9 - 2)).
20
What is the value of -8 + 17 + -22 - (-114 - -94)?
7
Calculate (69 - (6 + (-11 - -8))) + -53 + 40.
53
What is the value of (-107 + -2 - -1) + (6 - (34 - (10 - -12)))?
-114
Calculate -17 + (-95 - -58) + 69.
15
What is -72 + 9 - (-4 - (-24 + (-8 - -23)))?
-68
-11 + (66 - ((4 - 18) + -4))
73
166 - (-28 + 99 + -2)
97
Evaluate -11 - ((-13 - -81 - 2) + -29).
-48
Calculate 18 - (-14 + -5 + 17 - 12).
32
1 + -1 - 11 - (-237 - (222 + -354))
94
8 + 48 + -132 + 62
-14
Evaluate -14 - ((7 - 29) + 5 - -11).
-8
-1 - (-76 - (46 - 81))
40
Evaluate 303 + -149 - 272 - -159.
41
Calculate -23 + 106 - (209 - 127) - (-1 - (1 - -8)).
11
What is the value of 41 + (-6 + 4 - -7) - (-14 + 24)?
36
What is the value of -80 + (100 - 1) + (21 - 0)?
40
64 + -27 + -3 + 30 - 23
41
(-69 - -58) + 89 + -37
41
Calculate -1 + 65 - (16 - (23 + -14 + -6 + 4)).
55
What is the value of (80 - (72 + -14)) + -2 + 22?
42
Evaluate -29 - (49 - 15 - 33).
-30
(1 - -14) + (-20 - (-128 + 73))
50
What is the value of (170 + -160 - ((-2 - -3) + 1)) + (3 - 24)?
-13
What is 92 + -91 - (1 - 13) - (-72 + 2 + 4)?
79
Calculate -2 - (-5 + (-31 - -10)) - 2.
22
What is 1 - (40 - 30) - -31?
22
What is 96 + -45 - 41 - 36?
-26
Calculate 7 - (-33 - (-38 + 67)).
69
Evaluate (338 - 308) + (2 - 16).
16
Calculate 143 + (-135 - 10) + 2 + 58.
58
-37 + (111 - (89 - 25))
10
(19 - (54 - (11 + -19 + 23))) + 3
-17
Calculate 74 + (-13 - -1 - 13) + 9.
58
Calculate (56 + -33 - -105) + -9 + -5 + -4.
110
61 + (5 - 31 - (-17 + -18))
70
Calculate 0 + -9 - ((2 - 12) + -15 + 45 + -65).
36
What is the value of (1 + 1 - 1) + (919 - 925)?
-5
Calculate -35 + (-24 - (-20 + 43) - 8).
-90
(-9 - (110 - 70)) + 17
-32
What is the value of 9 + (-16 - 13) + 10 + 3?
-7
271 + -324 - (-98 - 0)
45
Evaluate -1 + 1 - (-21 + 32) - (-75 - -13).
51
Calculate -25 - -1 - (-46 - (47 + -17 + -79)).
-27
What is the value of (83 - ((-31 - -8) + 1 + 15)) + 0?
90
What is the value of (12 - (23 + (-21 - -9))) + (3 - 18) + -3?
-17
129 - (126 + (-136 - -18))
121
-23 + 24 + 42 + -4
39
Evaluate -46 + (57 - 8) - (1 - -6 - 0) - -6.
2
What is the value of -32 + 67 + 0 + 2?
37
0 - -7 - (1 - (5 - -4) - 39)
54
What is the value of 1 + 48 - ((-22 - (-26 + -12)) + -24)?
57
Calculate -85 - -43 - (-170 - -212).
-84
Calculate -52 - (17 + -36 + 25 - -10).
-68
What is 33 - (-9 - -28 - -11) - 83?
-80
Calculate (-10 + (2 - 1) - (212 - 205) - -7) + 89.
80
Calculate (107 - 88 - (-2 - -43)) + 26.
4
What is the value of -28 + 52 + -43 + 6 + 4 + -1?
-10
Evaluate 6233 - 6202 - (-1 + -1 - -83).
-50
What is -136 - (-31 + -113 + 74)?
-66
-1 + -31 - (-712 - -665)
15
Calculate (4 - -6 - 0) + (3 - 13) + 76.
76
What is the value of -1 + -1 + (-53 - -37) - -9 - (-1 - -1)?
-9
What is the value of 8 - ((-43 - 93) + 65)?
79
What is the value of -8 + 47 + (22 - (23 + -27))?
65
What is the value of -1 + 2 + (-44 - (-110 + 58))?
9
Evaluate 3 - (-38 + 23) - (-10 - -52).
-24
Evaluate (-153 - -76) + 69 - (88 + -4 + 1).
-93
Evaluate -55 - 19 - (37 - 52).
-59
-36 + 22 + (7 - 3) + -13
-23
Evaluate 3 + 0 + (331 - 322).
12
Calculate 50 - ((102 - -68) + 8).
-128
Calculate 6 + 80 + (24 - (24 + 16)) + -3 + -1.
66
What is the value of -84 - (-25 + -96) - (1 - (-4 + 8))?
40
What is 11 - (-8 + (-3 + -6 - 1) + -59)?
88
Evaluate -20 + -11 + 23 + (-2 - -1 - 16).
-25
What is 10 - (-3 + (35 - (-18 - (12 + -24))))?
-28
What is 4 - (-10 - -6 - -8 - (4 + 2 + -6))?
0
What is (-438 - -290) + 147 + 1 + -1 + 28?
27
Evaluate 62 + -79 + -38 + 49.
-6
What is the value of 1 + 4 + 4 - (-379 + 392) - 49?
-53
What is the value of -39 - (13 + (-2 - -2) + 262 + -288)?
-26
What is ((5 - 1) + -64 - -4) + (58 + -3 - 47)?
-48
What is the value of -49 - (-51 + -21) - 40?
-17
Calculate -11 + -91 + 70 + 22.
-10
What is the value of -4 + (-1 - -1) - ((-21 - -296) + -260)?
-19
What is the value of -6 - ((1 - 33 - -15) + 18 - -20)?
-27
(2 - -1) + -9 - (3 + 0 - 6)
-3
What is the value of 106 + (-176 - 70) - -159?
19
What is the value of (-26 - -11) + (13 - (4 - -11)) + 44?
27
Calculate (-85 - -178) + -51 - (16 + -3).
29
What is the value of -37 + 2 + -2 + 2 + (-49 - -41 - -10)?
-33
What is the value of 1527 + -1474 + 2 + (-5 - 26)?
24
What is the value of (-3 - (50 + -88)) + 23?
58
What is (-3 + 7 + -5 - -10) + -9 + 2 + 115?
117
What is the value of (-1 + 10 - 13) + -33 + 12 + -23?
-48
What is the value of -1 + (-96 - (52 - 50))?
-99
Evaluate (3 - (10 + 10)) + (-23 - (-65 - -22)).
3
What is the value of -27 - ((13 - 5 - 36) + -26)?
27
163 - 5 - (434 - 380)
104
What is the value of 30 + 0 + (39 + -21 - 2)?
46
Evaluate 27 + 21 - (17 + (-14 - 22)).
67
What is -88 - -5 - (-35 - (11 + -65))?
-102
What is the value of -3 + 6 + -707 + 791?
87
What is -12 - ((-3 - 26) + (170 - 135))?
-18
What is the value of -3 - (8 + -17 + 21) - (-21 - -1) - 4?
1
Calculate (2 - -37) + -67 + (-13 - -150) - (2 - 9).
116
Evaluate (8 - 21) + -8 + -4 + 80.
55
(-11 + -42 - (-11 + -3)) + -13
-52
-9 - (-3 - -10) - (54 + (-7 - -7))
-70
Evaluate 13 - 18 - -88 - (8 + (3 - -1) + -10).
81
What is 3 + -17 - (-60 + 32 + -8)?
22
(26 - (-18 + 2 - -36)) + 7
13
Calculate 54876 + -54839 + -11 + 1 + 0.
27
Calculate ((33 - 0) + -21 - -13) + 8.
33
Calculate -44 + 16 + -23 - -58.
7
Evaluate (1 - 62 - (59 + -76)) + (0 - 11).
-55
-1 + 95 - (-16 - (-49 + 24 + -2)) - -8
91
Calculate (20 - 8) + (-25 + 44 - (-1 + -8)).
40
Calculate (-33 - (-83 + 127)) + 45.
-32
What is -4 - (-49 - (-5 - 41))?
-1
What is -2 + (15 - (-8 - -27)) + -20?
-26
Calculate (144 - (30 - -20)) + (-6 - 13).
75
Evaluate -14 + (6 - 0) + (2 + 2 - 20).
-24
Calculate (-2 - (-11 + 4)) + -15 + -34.
-44
What is (-3 - -2) + -10 + 0 + (15 - -11 - 17)?
-2
What is the value of -2 + -3 + -1 + -2 - (11 - 21) - 81?
-79
Calculate -7 + 15 + -25 - (21 + 9).
-47
Calculate -1 - (-6 + 4 + -20 - (-2 + 0 + -7)).
12
What is 2 - (-8 - -41) - (1 - 12)?
-20
-1 - -6 - 0 - (-19 + 18 + 99)
-93
-25 - -66 - 21 - 0 - (-2 + 93)
-71
114 + (-18 - 55) + -178
-137
Calculate 13 + (1 - 2) - (63 + 173 - 210).
-14
Evaluate 132 + 31 - 155 - (-21 + 1).
28
Evaluate -59 + (-29 + 60 - 4).
-32
Calculate 14 + 4 + 32 - (13 - (-4 + 12) - -7).
38
What is the value of -31 + 40 - 82 - (-40 + 9)?
-42
Calculate -92 + (-39 + 83 - (7 + -2)).
-53
What is the value of 22 - (134 + -131 + -3 + 7 + 5 + 0)?
10
Calculate 88 - 88 - (6 - 48).
42
-44 - (-52 + 15) - -14
7
Calculate (-4 - 61) + -42 + 7 + -8 + 44.
-64
What is the value of 6 - (54 + -6) - (-8 + 16 - 4)?
-46
Calculate 76 + -126 + (-4 + -5 - 3 - -14).
-48
Evaluate 13 + -35 + 44 + (13 - -3).
38
Calculate -5 + 26 + -8 + (1 - 5) + 30.
39
0 + -115 - (6 - (20 + -12 + 23 - 12))
-102
What is the value of (-1 + (-13 - -22) - 90) + 28?
-54
What is the value of -150 + 71 +